{"id":1370,"date":"2020-12-25T09:37:06","date_gmt":"2020-12-25T09:37:06","guid":{"rendered":"https:\/\/cict.in\/wp\/?page_id=1370"},"modified":"2023-06-21T19:12:29","modified_gmt":"2023-06-21T19:12:29","slug":"research-works-on-41-classics","status":"publish","type":"page","link":"https:\/\/cict.in\/cict2023\/research-works-on-41-classics\/","title":{"rendered":"Research works on 41 classics"},"content":{"rendered":"[et_pb_section fb_built=&#8221;1&#8243; module_class=&#8221;bg-maroon-page custom-header&#8221; _builder_version=&#8221;4.7.4&#8243; _module_preset=&#8221;default&#8221;][et_pb_row _builder_version=&#8221;4.7.4&#8243; _module_preset=&#8221;default&#8221;][et_pb_column type=&#8221;4_4&#8243; _builder_version=&#8221;4.7.4&#8243; _module_preset=&#8221;default&#8221;][et_pb_text _builder_version=&#8221;4.7.4&#8243; _module_preset=&#8221;default&#8221; text_font=&#8221;|800|||||||&#8221; text_text_color=&#8221;#ffffff&#8221; text_font_size=&#8221;42px&#8221; text_text_shadow_style=&#8221;preset1&#8243;]\n<p style=\"text-align: center;\">Research works on 41 classics<\/p>\n[\/et_pb_text][\/et_pb_column][\/et_pb_row][\/et_pb_section][et_pb_section fb_built=&#8221;1&#8243; specialty=&#8221;on&#8221; disabled_on=&#8221;off|off|off&#8221; _builder_version=&#8221;4.7.4&#8243; _module_preset=&#8221;default&#8221; custom_margin=&#8221;0px||0px||false|false&#8221; custom_padding=&#8221;0px||0px||false|false&#8221;][et_pb_column type=&#8221;1_4&#8243; _builder_version=&#8221;3.25&#8243; custom_padding=&#8221;|||&#8221; custom_padding__hover=&#8221;|||&#8221;][et_pb_code module_id=&#8221;sticky-element&#8221; module_class=&#8221;leftside-menu&#8221; _builder_version=&#8221;4.7.4&#8243; _module_preset=&#8221;default&#8221;]<ul id=\"menu-services\" class=\"menu\"><li id=\"menu-item-1675\" class=\"menu-item menu-item-type-post_type menu-item-object-page menu-item-1675\"><a href=\"https:\/\/cict.in\/cict2023\/research-works-on-41-classics\/\">Research works on 41 classics<\/a><\/li>\n<li id=\"menu-item-1377\" class=\"menu-item menu-item-type-post_type menu-item-object-page menu-item-1377\"><a href=\"https:\/\/cict.in\/cict2023\/major-projects\/\">Major Projects<\/a><\/li>\n<\/ul>[\/et_pb_code][\/et_pb_column][et_pb_column type=&#8221;3_4&#8243; specialty_columns=&#8221;3&#8243; _builder_version=&#8221;3.25&#8243; custom_padding=&#8221;|||&#8221; custom_padding__hover=&#8221;|||&#8221;][et_pb_row_inner _builder_version=&#8221;4.7.4&#8243; _module_preset=&#8221;default&#8221;][et_pb_column_inner saved_specialty_column_type=&#8221;3_4&#8243; _builder_version=&#8221;4.7.4&#8243; _module_preset=&#8221;default&#8221;][et_pb_text disabled_on=&#8221;off|off|off&#8221; _builder_version=&#8221;4.7.4&#8243; _module_preset=&#8221;default&#8221; hover_enabled=&#8221;0&#8243; sticky_enabled=&#8221;0&#8243;]\n<p style=\"text-align: justify; text-indent: 40px;color:black;\">The purpose of the Central Institute of Classical Tamil (CICT) is to exclusively concentrate on research works relating to the classical phase of Tamil (from the early period to 600 A.D.), which addresses the vital issues of the antiquity and uniqueness of Tamil language. Those works are tabulated here:<\/p>\n<table class=\"table custom-table-orange table-xs-responsive table-striped table-bordered table-responsive\">\n<tbody>\n<tr>\n<td style=\"text-align: left;color:black;\">1. Tolk\u0101ppiyam<\/td>\n<td style=\"color:black;\">(The most ancient extant Tamil grammar text)<\/td>\n<\/tr>\n<tr>\n<td style=\"text-align: left;color:black;\">2. Nat\u1e5fi\u1e47ai<\/td>\n<td rowspan=\"9\" align=\"center\" style=\"color:black;\">Eight Anthologies (E\u1e6d\u1e6duttokai)<\/td>\n<\/tr>\n<tr>\n<td style=\"text-align: left;color:black;\">3. Ku\u1e5funtokai<\/td>\n<\/tr>\n<tr>\n<td style=\"text-align: left;color:black;\">4. Ai\u1e45kurun\u016b\u1e5fu<\/td>\n<\/tr>\n<tr>\n<td style=\"text-align: left;color:black;\">5. Pati\u1e5f\u1e5fuppattu<\/td>\n<\/tr>\n<tr>\n<td style=\"text-align: left;color:black;\">6. Parip\u0101\u1e6dal<\/td>\n<\/tr>\n<tr>\n<td style=\"text-align: left;color:black;\">7. Kalittokai<\/td>\n<\/tr>\n<tr>\n<td style=\"text-align: left;color:black;\">8. Akan\u0101\u1e49\u016b\u1e5fu<\/td>\n<\/tr>\n<tr>\n<td style=\"text-align: left;color:black;\">9. Pu\u1e5fan\u0101\u1e49\u016b\u1e5fu<\/td>\n<\/tr>\n<\/tbody>\n<tbody>\n<tr>\n<td style=\"text-align: left;color:black;\">10. Tirumuruk\u0101\u1e5f\u1e5fuppa\u1e6dai<\/td>\n<td rowspan=\"10\" align=\"center\" style=\"color:black;\">The Ten Idylls<br \/>\n(Pattupp\u0101\u1e6d\u1e6du)<\/td>\n<\/tr>\n<tr>\n<td style=\"text-align: left;color:black;\">11. Poru\u1e47ar\u0101\u1e5f\u1e5fuppa\u1e6dai<\/td>\n<\/tr>\n<tr>\n<td style=\"text-align: left;color:black;\">12. Ci\u1e5fup\u0101\u1e47\u0101\u1e5f\u1e5fuppa\u1e6dai<\/td>\n<\/tr>\n<tr>\n<td style=\"text-align: left;color:black;\">13. Perump\u0101\u1e47\u0101\u1e5f\u1e5fuppa\u1e6dai<\/td>\n<\/tr>\n<tr>\n<td style=\"text-align: left;color:black;\">14. Mullaipp\u0101\u1e6d\u1e6du<\/td>\n<\/tr>\n<tr>\n<td style=\"text-align: left;color:black;\">15. Maturaikk\u0101\u00f1ci<\/td>\n<\/tr>\n<tr>\n<td style=\"text-align: left;color:black;\">16. Ne\u1e6dunalv\u0101\u1e6dai<\/td>\n<\/tr>\n<tr>\n<td style=\"text-align: left;color:black;\">17. Ku\u1e5fi\u00f1cipp\u0101\u1e6d\u1e6du<\/td>\n<\/tr>\n<tr>\n<td style=\"text-align: left;color:black;\">18. Malaipa\u1e6duka\u1e6d\u0101m<\/td>\n<\/tr>\n<tr>\n<td style=\"text-align: left;color:black;\">19. Pa\u1e6d\u1e6di\u1e49app\u0101lai<\/td>\n<\/tr>\n<\/tbody>\n<tbody>\n<tr>\n<td style=\"text-align: left;color:black;\">20. N\u0101la\u1e6diy\u0101r<\/td>\n<td rowspan=\"18\" align=\"center\" style=\"color:black;\">The Eighteen Post Ca\u1e45kam Anthologies<br \/>\n(Pati\u1e49e\u1e47k\u012b\u1e3bkka\u1e47akku)<\/td>\n<\/tr>\n<tr>\n<td style=\"text-align: left;color:black;\">21. N\u0101\u1e49ma\u1e47ikka\u1e6dikai<\/td>\n<\/tr>\n<tr>\n<td style=\"text-align: left;color:black;\">22. I\u1e49\u1e49\u0101 N\u0101\u1e5fpatu<\/td>\n<\/tr>\n<tr>\n<td style=\"text-align: left;color:black;\">23. I\u1e49iyavai N\u0101\u1e5fpatu<\/td>\n<\/tr>\n<tr>\n<td style=\"text-align: left;color:black;\">24. K\u0101r N\u0101\u1e5fpatu<\/td>\n<\/tr>\n<tr>\n<td style=\"text-align: left;color:black;\">25. Ka\u1e37ava\u1e3bi N\u0101\u1e5fpatu<\/td>\n<\/tr>\n<tr>\n<td style=\"text-align: left;color:black;\">26. Ainti\u1e47ai Aimpatu<\/td>\n<\/tr>\n<tr>\n<td style=\"text-align: left;color:black;\">27. Aintinai E\u1e3bupatu<\/td>\n<\/tr>\n<tr>\n<td style=\"text-align: left;color:black;\">28. Ti\u1e49aimo\u1e3bi Aimpatu<\/td>\n<\/tr>\n<tr>\n<td style=\"text-align: left;color:black;\">29. Ti\u1e47aim\u0101lai N\u016b\u1e5f\u1e5faimpatu<\/td>\n<\/tr>\n<tr>\n<td style=\"text-align: left;color:black;\">30. Pa\u1e3bamo\u1e3bi N\u0101\u1e49\u016b\u1e5fu<\/td>\n<\/tr>\n<tr>\n<td style=\"text-align: left;color:black;\">31. Ci\u1e5fupa\u00f1cam\u016blam<\/td>\n<\/tr>\n<tr>\n<td style=\"text-align: left;color:black;\">32. Tirukku\u1e5fa\u1e37<\/td>\n<\/tr>\n<tr>\n<td style=\"text-align: left;color:black;\">33. Tirika\u1e6dukam<\/td>\n<\/tr>\n<tr>\n<td style=\"text-align: left;color:black;\">34. \u0100c\u0101rakk\u014dvai<\/td>\n<\/tr>\n<tr>\n<td style=\"text-align: left;color:black;\">35. Mutumo\u1e3bikk\u0101ncii<\/td>\n<\/tr>\n<tr>\n<td style=\"text-align: left;color:black;\">36. El\u0101ti<\/td>\n<\/tr>\n<tr>\n<td style=\"text-align: left;color:black;\">37. Kainnilai<\/td>\n<\/tr>\n<\/tbody>\n<tbody>\n<tr>\n<td style=\"text-align: left;color:black;\">38. Cilappatik\u0101ram<\/td>\n<td rowspan=\"2\" align=\"center\" style=\"color:black;\">Epics<\/td>\n<\/tr>\n<tr>\n<td style=\"text-align: left;color:black;\">39. Ma\u1e47im\u0113kalai<\/td>\n<\/tr>\n<\/tbody>\n<tbody>\n<tr>\n<td style=\"text-align: left;color:black;\">40. Mutto\u1e37\u1e37\u0101yiram<\/td>\n<td rowspan=\"1\" align=\"center\" style=\"color:black;\">Literature<\/td>\n<\/tr>\n<\/tbody>\n<tbody>\n<tr>\n<td style=\"text-align: left;color:black;\">41. I\u1e5faiya\u1e49\u0101r Akapporu\u1e37<\/td>\n<td rowspan=\"1\" align=\"center\" style=\"color:black;\">Commentary<\/td>\n<\/tr>\n<\/tbody>\n<\/table>\n<p>&nbsp;<\/p>\n<p style=\"text-align: justify; text-indent: 40px;color:black;\">The above \u201cforty-one ancient Tamil Texts\u201d belonging to the period of up to 600 A.D., have been identified to study the antiquity and uniqueness of ancient Tamils and their civilization. These classics have been specially selected for being exceptionally valuable and original compositions and not derivative or translated works. Apart from epigraphical and archaeological findings, these forty-one classics listed above are primary evidence that reflects the society, Language and culture of the ancient Tamils.<\/p>\n[\/et_pb_text][\/et_pb_column_inner][\/et_pb_row_inner][\/et_pb_column][\/et_pb_section]\n","protected":false},"excerpt":{"rendered":"<p>[et_pb_section fb_built=&#8221;1&#8243; module_class=&#8221;bg-maroon-page custom-header&#8221; _builder_version=&#8221;4.7.4&#8243; _module_preset=&#8221;default&#8221;][et_pb_row _builder_version=&#8221;4.7.4&#8243; _module_preset=&#8221;default&#8221;][et_pb_column type=&#8221;4_4&#8243; _builder_version=&#8221;4.7.4&#8243; _module_preset=&#8221;default&#8221;][et_pb_text _builder_version=&#8221;4.7.4&#8243; _module_preset=&#8221;default&#8221; text_font=&#8221;|800|||||||&#8221; text_text_color=&#8221;#ffffff&#8221; text_font_size=&#8221;42px&#8221; text_text_shadow_style=&#8221;preset1&#8243;] Research works on 41 classics [\/et_pb_text][\/et_pb_column][\/et_pb_row][\/et_pb_section][et_pb_section fb_built=&#8221;1&#8243; specialty=&#8221;on&#8221; disabled_on=&#8221;off|off|off&#8221; _builder_version=&#8221;4.7.4&#8243; _module_preset=&#8221;default&#8221; custom_margin=&#8221;0px||0px||false|false&#8221; custom_padding=&#8221;0px||0px||false|false&#8221;][et_pb_column type=&#8221;1_4&#8243; _builder_version=&#8221;3.25&#8243; custom_padding=&#8221;|||&#8221; custom_padding__hover=&#8221;|||&#8221;][et_pb_code module_id=&#8221;sticky-element&#8221; module_class=&#8221;leftside-menu&#8221; _builder_version=&#8221;4.7.4&#8243; _module_preset=&#8221;default&#8221;][\/et_pb_code][\/et_pb_column][et_pb_column type=&#8221;3_4&#8243; specialty_columns=&#8221;3&#8243; _builder_version=&#8221;3.25&#8243; custom_padding=&#8221;|||&#8221; custom_padding__hover=&#8221;|||&#8221;][et_pb_row_inner _builder_version=&#8221;4.7.4&#8243; _module_preset=&#8221;default&#8221;][et_pb_column_inner saved_specialty_column_type=&#8221;3_4&#8243; _builder_version=&#8221;4.7.4&#8243; _module_preset=&#8221;default&#8221;][et_pb_text disabled_on=&#8221;off|off|off&#8221; _builder_version=&#8221;4.7.4&#8243; _module_preset=&#8221;default&#8221; hover_enabled=&#8221;0&#8243; sticky_enabled=&#8221;0&#8243;] The purpose [&hellip;]<\/p>\n","protected":false},"author":1,"featured_media":0,"parent":0,"menu_order":0,"comment_status":"closed","ping_status":"closed","template":"","meta":{"_et_pb_use_builder":"on","_et_pb_old_content":"","_et_gb_content_width":""},"aioseo_notices":[],"_links":{"self":[{"href":"https:\/\/cict.in\/cict2023\/wp-json\/wp\/v2\/pages\/1370"}],"collection":[{"href":"https:\/\/cict.in\/cict2023\/wp-json\/wp\/v2\/pages"}],"about":[{"href":"https:\/\/cict.in\/cict2023\/wp-json\/wp\/v2\/types\/page"}],"author":[{"embeddable":true,"href":"https:\/\/cict.in\/cict2023\/wp-json\/wp\/v2\/users\/1"}],"replies":[{"embeddable":true,"href":"https:\/\/cict.in\/cict2023\/wp-json\/wp\/v2\/comments?post=1370"}],"version-history":[{"count":27,"href":"https:\/\/cict.in\/cict2023\/wp-json\/wp\/v2\/pages\/1370\/revisions"}],"predecessor-version":[{"id":7704,"href":"https:\/\/cict.in\/cict2023\/wp-json\/wp\/v2\/pages\/1370\/revisions\/7704"}],"wp:attachment":[{"href":"https:\/\/cict.in\/cict2023\/wp-json\/wp\/v2\/media?parent=1370"}],"curies":[{"name":"wp","href":"https:\/\/api.w.org\/{rel}","templated":true}]}}